{"id":12,"date":"2016-02-16T14:58:45","date_gmt":"2016-02-16T12:58:45","guid":{"rendered":"http:\/\/esq.ro\/webhosting\/?page_id=12"},"modified":"2023-05-19T17:54:38","modified_gmt":"2023-05-19T14:54:38","slug":"servicii","status":"publish","type":"page","link":"https:\/\/esq.ro\/webhosting\/servicii\/","title":{"rendered":"Inregistrare domenii"},"content":{"rendered":"<p>[et_pb_section fb_built=&#8221;1&#8243; _builder_version=&#8221;4.21.0&#8243; custom_padding=&#8221;||12vh||false|false&#8221; bottom_divider_style=&#8221;asymmetric4&#8243; bottom_divider_color=&#8221;#1f66ad&#8221; hover_enabled=&#8221;0&#8243; global_colors_info=&#8221;{}&#8221; sticky_enabled=&#8221;0&#8243;][et_pb_row _builder_version=&#8221;4.16&#8243; custom_padding=&#8221;0px||0px|&#8221; global_colors_info=&#8221;{}&#8221;][et_pb_column type=&#8221;4_4&#8243; _builder_version=&#8221;4.16&#8243; custom_padding=&#8221;|||&#8221; global_colors_info=&#8221;{}&#8221; custom_padding__hover=&#8221;|||&#8221;][et_pb_text _builder_version=&#8221;4.16&#8243; custom_margin=&#8221;0px||0px|&#8221; global_colors_info=&#8221;{}&#8221;][\/et_pb_text][et_pb_text _builder_version=&#8221;4.21.0&#8243; hover_enabled=&#8221;0&#8243; global_colors_info=&#8221;{}&#8221; text_font_size=&#8221;16px&#8221; text_line_height=&#8221;1.5em&#8221; sticky_enabled=&#8221;0&#8243;]<\/p>\n<h2>\u00cenregistrare domenii<\/h2>\n<p>&nbsp;<\/p>\n<p>Domeniile \u00eenregistrate beneficiaz\u0103 de discounturi sau sunt chiar gratuite daca le achizi\u021bionezi \u00eempreun\u0103 cu un pachet de g\u0103zduire.<\/p>\n<p>[\/et_pb_text][et_pb_image src=&#8221;https:\/\/esq.ro\/webhosting\/wp-content\/uploads\/esq-tlds-1.jpg&#8221; title_text=&#8221;esq-tlds-1&#8243; align=&#8221;center&#8221; _builder_version=&#8221;4.21.0&#8243; hover_enabled=&#8221;0&#8243; global_colors_info=&#8221;{}&#8221; custom_margin=&#8221;5vh||5vh||true|false&#8221; sticky_enabled=&#8221;0&#8243;][\/et_pb_image][\/et_pb_column][\/et_pb_row][et_pb_row column_structure=&#8221;1_2,1_2&#8243; _builder_version=&#8221;4.16&#8243; global_colors_info=&#8221;{}&#8221;][et_pb_column type=&#8221;1_2&#8243; _builder_version=&#8221;4.16&#8243; global_colors_info=&#8221;{}&#8221;][et_pb_text _builder_version=&#8221;4.21.0&#8243; text_orientation=&#8221;justified&#8221; hover_enabled=&#8221;0&#8243; global_colors_info=&#8221;{}&#8221; text_font_size=&#8221;16px&#8221; text_line_height=&#8221;1.5em&#8221; sticky_enabled=&#8221;0&#8243;]<\/p>\n<h3>.RO<\/h3>\n<p>esq.ro furnizeaz\u0103 servicii de \u00eenregistrare, re\u00eennoire anual\u0103 \u0219i transfer pentru domenii .RO, \u00een conformitate cu regulile impuse de roTLD (Institutul Na\u021bional de Cercetare-Dezvoltare \u00een Informatic\u0103 \u2013 ICI Bucure\u0219ti).<\/p>\n<p><span><\/span><\/p>\n<p>[\/et_pb_text][\/et_pb_column][et_pb_column type=&#8221;1_2&#8243; _builder_version=&#8221;4.16&#8243; global_colors_info=&#8221;{}&#8221;][et_pb_text _builder_version=&#8221;4.21.0&#8243; hover_enabled=&#8221;0&#8243; global_colors_info=&#8221;{}&#8221; text_font_size=&#8221;16px&#8221; text_line_height=&#8221;1.5em&#8221; sticky_enabled=&#8221;0&#8243; text_orientation=&#8221;justified&#8221;]<\/p>\n<h3>.EU<\/h3>\n<p><span>esq.ro furnizeaza servicii de inregistrare domenii .EU, reinnoirea si transferul acestora, in conformitate cu regulile impuse de EURid (European Registry of Internet Domain Names)<\/span><\/p>\n<p><span><\/span><\/p>\n<p>[\/et_pb_text][\/et_pb_column][\/et_pb_row][et_pb_row column_structure=&#8221;1_2,1_2&#8243; _builder_version=&#8221;4.16&#8243; global_colors_info=&#8221;{}&#8221;][et_pb_column type=&#8221;1_2&#8243; _builder_version=&#8221;4.16&#8243; global_colors_info=&#8221;{}&#8221;][et_pb_text _builder_version=&#8221;4.21.0&#8243; text_orientation=&#8221;justified&#8221; hover_enabled=&#8221;0&#8243; global_colors_info=&#8221;{}&#8221; text_font_size=&#8221;16px&#8221; text_line_height=&#8221;1.5em&#8221; sticky_enabled=&#8221;0&#8243;]<\/p>\n<h3>.COM, .ORG, .NET, .INFO<\/h3>\n<p>Esq.ro furnizeaz\u0103 servicii de inregistrare, re\u00eennoire anual\u0103 \u0219i transfer pentru domenii .COM, .ORG, .NET, .INFO, \u00een conformitate cu regulile impuse de ICANN (The Internet Corporation for Assigned Names and Numbers).<\/p>\n<p><span><\/span><\/p>\n<p>[\/et_pb_text][\/et_pb_column][et_pb_column type=&#8221;1_2&#8243; _builder_version=&#8221;4.16&#8243; global_colors_info=&#8221;{}&#8221;][et_pb_text _builder_version=&#8221;4.21.0&#8243; text_orientation=&#8221;justified&#8221; hover_enabled=&#8221;0&#8243; global_colors_info=&#8221;{}&#8221; text_font_size=&#8221;16px&#8221; text_line_height=&#8221;1.5em&#8221; sticky_enabled=&#8221;0&#8243;]<\/p>\n<h3>.SITE, .CLUB, .GAME, .XYZ \u0219i alte TLD<\/h3>\n<p>Esq.ro furnizeaz\u0103 servicii de inregistrare, re\u00eennoire anual\u0103 \u0219i transfer pentru noile domenii cu extensii diverse, aprobate de c\u0103tre ICANN (The Internet Corporation for Assigned Names and Numbers).<\/p>\n<p><span><\/span><\/p>\n<p>[\/et_pb_text][\/et_pb_column][\/et_pb_row][\/et_pb_section]<\/p>\n","protected":false},"excerpt":{"rendered":"<p>\u00cenregistrare domenii &nbsp; Domeniile \u00eenregistrate beneficiaz\u0103 de discounturi sau sunt chiar gratuite daca le achizi\u021bionezi \u00eempreun\u0103 cu un pachet de g\u0103zduire..RO esq.ro furnizeaz\u0103 servicii de \u00eenregistrare, re\u00eennoire anual\u0103 \u0219i transfer pentru domenii .RO, \u00een conformitate cu regulile impuse de roTLD (Institutul Na\u021bional de Cercetare-Dezvoltare \u00een Informatic\u0103 \u2013 ICI Bucure\u0219ti). .EU esq.ro furnizeaza servicii de inregistrare [&hellip;]<\/p>\n","protected":false},"author":1,"featured_media":0,"parent":0,"menu_order":41,"comment_status":"closed","ping_status":"closed","template":"","meta":{"_et_pb_use_builder":"on","_et_pb_old_content":"","_et_gb_content_width":"","footnotes":""},"class_list":["post-12","page","type-page","status-publish","hentry"],"jetpack_shortlink":"https:\/\/wp.me\/P7fbH7-c","jetpack-related-posts":[],"jetpack_sharing_enabled":true,"_links":{"self":[{"href":"https:\/\/esq.ro\/webhosting\/wp-json\/wp\/v2\/pages\/12","targetHints":{"allow":["GET"]}}],"collection":[{"href":"https:\/\/esq.ro\/webhosting\/wp-json\/wp\/v2\/pages"}],"about":[{"href":"https:\/\/esq.ro\/webhosting\/wp-json\/wp\/v2\/types\/page"}],"author":[{"embeddable":true,"href":"https:\/\/esq.ro\/webhosting\/wp-json\/wp\/v2\/users\/1"}],"replies":[{"embeddable":true,"href":"https:\/\/esq.ro\/webhosting\/wp-json\/wp\/v2\/comments?post=12"}],"version-history":[{"count":1,"href":"https:\/\/esq.ro\/webhosting\/wp-json\/wp\/v2\/pages\/12\/revisions"}],"predecessor-version":[{"id":1314,"href":"https:\/\/esq.ro\/webhosting\/wp-json\/wp\/v2\/pages\/12\/revisions\/1314"}],"wp:attachment":[{"href":"https:\/\/esq.ro\/webhosting\/wp-json\/wp\/v2\/media?parent=12"}],"curies":[{"name":"wp","href":"https:\/\/api.w.org\/{rel}","templated":true}]}}