{"id":446,"date":"2016-02-23T14:22:00","date_gmt":"2016-02-23T14:22:00","guid":{"rendered":"http:\/\/esq.ro\/webhosting\/?page_id=446"},"modified":"2016-10-16T17:52:13","modified_gmt":"2016-10-16T17:52:13","slug":"oferta-companii-noi","status":"publish","type":"page","link":"https:\/\/esq.ro\/webhosting\/oferta-companii-noi\/","title":{"rendered":"Companii noi"},"content":{"rendered":"<p>Nici nou\u0103 nu ne-a fost u\u0219or la \u00eenceput \u0219i tocmai pentru c\u0103 \u00een\u021belegem c\u00e2t contez\u0103 o m\u00e2n\u0103 de ajutor, pentru companiile nou \u00eenfiin\u021bate, <strong>oferim GRATUIT pachetele de <span style=\"color: #2399fc;\"><a href=\"http:\/\/esq.ro\/webhosting\/gazduire-partajata\/\">G\u0103zduire Partajat\u0103 Standard Start<\/a><\/span><\/strong> pentru primul an de contract.<\/p>\n<p>Condi\u021bia este s\u0103 utilizezi un singur domeniu \u0219i s\u0103 dovede\u0219ti c\u0103 de la \u00eenfiin\u021barea companiei nu au trecut mai mult de 6 luni. Po\u021bi s\u0103 \u00eei spui &#8220;perioad\u0103 de prob\u0103 extins\u0103&#8221;, iar la sf\u00e2r\u0219itul acestei perioade ne dorim s\u0103 ne r\u0103m\u00e2i client fidel.<\/p>\n<hr \/>\n<p>&nbsp;<\/p>\n","protected":false},"excerpt":{"rendered":"<p>Nici nou\u0103 nu ne-a fost u\u0219or la \u00eenceput \u0219i tocmai pentru c\u0103 \u00een\u021belegem c\u00e2t contez\u0103 o m\u00e2n\u0103 de ajutor, pentru companiile nou \u00eenfiin\u021bate, oferim GRATUIT pachetele de G\u0103zduire Partajat\u0103 Standard Start pentru primul an de contract. Condi\u021bia este s\u0103 utilizezi un singur domeniu \u0219i s\u0103 dovede\u0219ti c\u0103 de la \u00eenfiin\u021barea companiei nu au trecut mai [&hellip;]<\/p>\n","protected":false},"author":1,"featured_media":0,"parent":0,"menu_order":800,"comment_status":"closed","ping_status":"closed","template":"","meta":{"_et_pb_use_builder":"","_et_pb_old_content":"","_et_gb_content_width":"","footnotes":""},"class_list":["post-446","page","type-page","status-publish","hentry"],"jetpack_shortlink":"https:\/\/wp.me\/P7fbH7-7c","jetpack-related-posts":[],"jetpack_sharing_enabled":true,"_links":{"self":[{"href":"https:\/\/esq.ro\/webhosting\/wp-json\/wp\/v2\/pages\/446","targetHints":{"allow":["GET"]}}],"collection":[{"href":"https:\/\/esq.ro\/webhosting\/wp-json\/wp\/v2\/pages"}],"about":[{"href":"https:\/\/esq.ro\/webhosting\/wp-json\/wp\/v2\/types\/page"}],"author":[{"embeddable":true,"href":"https:\/\/esq.ro\/webhosting\/wp-json\/wp\/v2\/users\/1"}],"replies":[{"embeddable":true,"href":"https:\/\/esq.ro\/webhosting\/wp-json\/wp\/v2\/comments?post=446"}],"version-history":[{"count":0,"href":"https:\/\/esq.ro\/webhosting\/wp-json\/wp\/v2\/pages\/446\/revisions"}],"wp:attachment":[{"href":"https:\/\/esq.ro\/webhosting\/wp-json\/wp\/v2\/media?parent=446"}],"curies":[{"name":"wp","href":"https:\/\/api.w.org\/{rel}","templated":true}]}}